{"id":46,"date":"2021-06-30T17:01:41","date_gmt":"2021-06-30T17:01:41","guid":{"rendered":"https:\/\/kemetue.com\/?page_id=46"},"modified":"2021-07-07T23:16:00","modified_gmt":"2021-07-07T23:16:00","slug":"kemet-university","status":"publish","type":"page","link":"https:\/\/www.kemetue.com\/?page_id=46","title":{"rendered":"Kemet University"},"content":{"rendered":"<div\n      class=\"kv-control-placeholder kv-_page\"\n      data-kv-control=\"1\">\n    <\/div> <section class=\"background-id_2m19 section-1624978824246 zoduye36 vefova18 undefined undefined\" style=\" position:relative;\">\n  <a name=\"section1624978824246\"><\/a>\n    <div\n    class=\"kv-control-placeholder kv-_section\"\n    data-kv-control=\"background\">\n  <\/div> <div class='kv-background kv-video ' style=\" background-color: rgb(83,84,89);\">\n    <video autoplay=\"true\" loop=\"loop\" muted=\"muted\" playsinline preload=\"auto\" style=\"opacity: 0.83;\">\n      <source data-src=\"https:\/\/storage.googleapis.com\/wzreponsiveeditor-static-latest\/videos\/746e602b9a5c1033e7395e3b7e097158.mp4\" type=\"video\/mp4\" \/>\n    <\/video>\n<\/div>\n\n  <div class=\"position-relative kv-content\">\n    <div\n    class=\"kv-control-placeholder kv-_section\"\n    data-kv-control=\"content\">\n  <\/div> <div class=\"kv-ee-section kv-ee-section--sm kv-ee-align-left \"><div class=\"kv-ee-container kv-ee-titles\"><div class=\"kv-ee-row\"><div class=\"kv-ee-section-text kv-ee-col-12\"> <h2 class=\"kv-ee-section-title kv-ee-caption-title kv-ee-section-title--md\" data-type=\"text\" tabindex=\"0\">Kemet University<span data-prop=\"title\" class=\"ck-editable-element\" data-editable=\"basic\" style=\"display:none;\"><\/span><\/h2> <p class=\"kv-ee-section-subtitle kv-ee-section-subtitle--sm\" data-type=\"text\" tabindex=\"0\"><font class=\"custom-font cstm-fnt\" style=\"font-family: var(--kv-ee-heading-font-family); font-weight: var(--kv-ee-heading-font-weight); font-size: 110.1%;\">Under-Establishment<\/font><span data-prop=\"subtitle\" class=\"ck-editable-element\" data-editable=\"basic\" style=\"display:none;\"><\/span><\/p>  <\/div><\/div><\/div><div class=\"kv-ee-container kv-ee-items\"><div class=\"kv-ee-row kv-ee-position\"><div class=\"kv-ee-col-12 kv-ee-circle\"> <div\n    class=\"kv-control-placeholder kv-_content\"\n    data-kv-control=\"list\">\n  <\/div> <div>\n    <div class=\"kv-ee-row\" data-type=\"list\">\n        <div\n    class=\"kv-control-placeholder kv-_list\"\n    data-kv-control=\"0\">\n  <\/div> <div class=\"kv-ee-col-12 kv-ee-content kv-ee-left kv-ee-drop-shadow \"><div class=\"kv-ee-row\"><div class=\"kv-ee-col-sm-4 kv-ee-image-col\"> <div\n      data-type=\"image\" data-property=\"image\"\n       class=\"kv-ee-item-img kv-ee-gallery kv-ee-content-image \" aria-label=\"Fountain pen and a notebook\" alt=\"Fountain pen and a notebook\"\n      style=\"background-position: center center;background-image: url('https:\/\/images.builderservices.io\/s\/cdn\/v1.0\/i\/m?url=https%3A%2F%2Fimages.unsplash.com%2Fphoto-1471107340929-a87cd0f5b5f3%3Fcrop%3Dentropy%26cs%3Dtinysrgb%26fit%3Dmax%26fm%3Djpg%26ixid%3DMnw1NTEzfDB8MXxzZWFyY2h8MTV8fGVkdWNhdGlvbnxlbnwwfHx8fDE2MjUwNjYwOTA%26ixlib%3Drb-1.2.1%26q%3D80%26w%3D600%26utm_source%3Dendurance-innovation%26utm_medium%3Dreferral');\"\n      data-setting=\"border\"\n      role=\"img\"\n    ><a href=\"about-us\" data-href=\"about-us\" style=\"width: 100%; height: 100%; display: block; position: absolute; top: 0; left: 0;\" target=\"_blank\" rel=\"noopener\"><\/a><\/div> <\/div><div class=\"kv-ee-col-sm-8 kv-ee-valign-center\"><div class=\"kv-ee-content-text\"> <hr class=\"kv-ee-line\"> <h3 class=\"kv-ee-title--sm\" data-type=\"text\" tabindex=\"0\">About Us<span data-prop=\"title\" class=\"ck-editable-element\" data-editable=\"basic\" style=\"display:none;\"><\/span><\/h3> <p class=\"kv-ee-body--md\" data-type=\"text\" tabindex=\"0\"><font class=\"cstm-fnt\" style=\"font-size: 130.1%;\"><font class=\"cstm-fnt\" style=\"font-size: 99.9308%;\">The story of Kemet<\/font><br><\/font><br><span data-prop=\"description\" class=\"ck-editable-element\" data-editable=\"basic\" style=\"display:none;\"><\/span><\/p>  <a class=\"\n    kv-ee-button kv-ee-button-sm kv-ee-button undefined\n    kv-ee-button-dynamic-buttons kv-button-instant-edit\n    kv-ee-button-secondary\n  \" data-index=\"0\" data-type=\"button\" tabindex=\"0\" data-href=\"about-us\" href=\"about-us\" target=\"_blank\" data-property=\"link\" rel=\"noopener\">\n        \n        \n        <div style=\"\" class=\"kv-ee-button-has-title\">Read more<div\n          data-editable=\"button\"\n          data-prop=\"link.title\"\n          style=\"display:none;\">\n        <\/div><\/div>\n      <\/a>  <\/div><\/div><\/div><\/div>\n        <div\n    class=\"kv-control-placeholder kv-_list\"\n    data-kv-control=\"1\">\n  <\/div> <div class=\"kv-ee-col-12 kv-ee-content kv-ee-right kv-ee-drop-shadow \"><div class=\"kv-ee-row\"><div class=\"kv-ee-col-sm-4 kv-ee-image-col\"> <div\n      data-type=\"image\" data-property=\"image\"\n       class=\"kv-ee-item-img kv-ee-gallery kv-ee-content-image \" aria-label=\"College Graduation\" alt=\"College Graduation\"\n      style=\"background-position: center center;background-image: url('https:\/\/images.builderservices.io\/s\/cdn\/v1.0\/i\/m?url=https%3A%2F%2Fimages.unsplash.com%2Fphoto-1498079022511-d15614cb1c02%3Fcrop%3Dentropy%26cs%3Dtinysrgb%26fit%3Dmax%26fm%3Djpg%26ixid%3DMnw1NTEzfDB8MXxzZWFyY2h8MjV8fGdyYWR1YXRpb258ZW58MHx8fHwxNjI1MDY2MjQ2%26ixlib%3Drb-1.2.1%26q%3D80%26w%3D600%26utm_source%3Dendurance-innovation%26utm_medium%3Dreferral');\"\n      data-setting=\"border\"\n      role=\"img\"\n    ><a href=\"about-us\" data-href=\"about-us\" style=\"width: 100%; height: 100%; display: block; position: absolute; top: 0; left: 0;\" target=\"_blank\" rel=\"noopener\"><\/a><\/div> <\/div><div class=\"kv-ee-col-sm-8 kv-ee-valign-center\"><div class=\"kv-ee-content-text\"> <hr class=\"kv-ee-line\"> <h3 class=\"kv-ee-title--sm\" data-type=\"text\" tabindex=\"0\">Mission and Vision<span data-prop=\"title\" class=\"ck-editable-element\" data-editable=\"basic\" style=\"display:none;\"><\/span><\/h3> <p class=\"kv-ee-body--md\" data-type=\"text\" tabindex=\"0\"><font class=\"cstm-fnt\" style=\"font-size: 130.1%;\">Learn more about what defines, guides, and pushes Kemet.<\/font><span data-prop=\"description\" class=\"ck-editable-element\" data-editable=\"basic\" style=\"display:none;\"><\/span><\/p>  <a class=\"\n    kv-ee-button kv-ee-button-sm kv-ee-button undefined\n    kv-ee-button-dynamic-buttons kv-button-instant-edit\n    kv-ee-button-secondary\n  \" data-index=\"0\" data-type=\"button\" tabindex=\"0\" data-href=\"about-us\" href=\"about-us\" target=\"_blank\" data-property=\"link\" rel=\"noopener\">\n        \n        \n        <div style=\"\" class=\"kv-ee-button-has-title\">Read more<div\n          data-editable=\"button\"\n          data-prop=\"link.title\"\n          style=\"display:none;\">\n        <\/div><\/div>\n      <\/a>  <\/div><\/div><\/div><\/div>\n        <div\n    class=\"kv-control-placeholder kv-_list\"\n    data-kv-control=\"2\">\n  <\/div> <div class=\"kv-ee-col-12 kv-ee-content kv-ee-left kv-ee-drop-shadow \"><div class=\"kv-ee-row\"><div class=\"kv-ee-col-sm-4 kv-ee-image-col\"> <div\n      data-type=\"image\" data-property=\"image\"\n       class=\"kv-ee-item-img kv-ee-gallery kv-ee-content-image \"\n      style=\"background-position: center center;background-image: url('https:\/\/images.builderservices.io\/s\/cdn\/v1.0\/i\/m?url=https%3A%2F%2Fimages.unsplash.com%2Fphoto-1607013407627-6ee814329547%3Fcrop%3Dentropy%26cs%3Dtinysrgb%26fit%3Dmax%26fm%3Djpg%26ixid%3DMnw1NTEzfDB8MXxzZWFyY2h8MjV8fHVuaXZlcnNpdHl8ZW58MHx8fHwxNjI1MDY5MzA2%26ixlib%3Drb-1.2.1%26q%3D80%26w%3D600%26utm_source%3Dendurance-innovation%26utm_medium%3Dreferral');\"\n      data-setting=\"border\"\n      role=\"img\"\n    ><a href=\"academics\" data-href=\"academics\" style=\"width: 100%; height: 100%; display: block; position: absolute; top: 0; left: 0;\" target=\"_blank\" rel=\"noopener\"><\/a><\/div> <\/div><div class=\"kv-ee-col-sm-8 kv-ee-valign-center\"><div class=\"kv-ee-content-text\"> <hr class=\"kv-ee-line\"> <h3 class=\"kv-ee-title--sm\" data-type=\"text\" tabindex=\"0\">Academics<span data-prop=\"title\" class=\"ck-editable-element\" data-editable=\"basic\" style=\"display:none;\"><\/span><\/h3> <p class=\"kv-ee-body--md\" data-type=\"text\" tabindex=\"0\"><font class=\"cstm-fnt\" style=\"font-size: 130.1%;\">Learn more about our proposed Academic Schools and Departments.<\/font><span data-prop=\"description\" class=\"ck-editable-element\" data-editable=\"basic\" style=\"display:none;\"><\/span><\/p>  <a class=\"\n    kv-ee-button kv-ee-button-sm kv-ee-button undefined\n    kv-ee-button-dynamic-buttons kv-button-instant-edit\n    kv-ee-button-secondary\n  \" data-index=\"0\" data-type=\"button\" tabindex=\"0\" data-href=\"academics\" href=\"academics\" target=\"_blank\" data-property=\"link\" rel=\"noopener\">\n        \n        \n        <div style=\"\" class=\"kv-ee-button-has-title\">Read more<div\n          data-editable=\"button\"\n          data-prop=\"link.title\"\n          style=\"display:none;\">\n        <\/div><\/div>\n      <\/a>  <\/div><\/div><\/div><\/div>\n        <div\n    class=\"kv-control-placeholder kv-_list\"\n    data-kv-control=\"3\">\n  <\/div> <div class=\"kv-ee-col-12 kv-ee-content kv-ee-right kv-ee-drop-shadow \"><div class=\"kv-ee-row\"><div class=\"kv-ee-col-sm-4 kv-ee-image-col\"> <div\n      data-type=\"image\" data-property=\"image\"\n       class=\"kv-ee-item-img kv-ee-gallery kv-ee-content-image \" aria-label=\"Il est souvent tentant de trouver une solution sans trop prendre la peine de bien comprendre ce qu'on tente de r\u00e9soudre. Au fil des ann\u00e9es, nous avons acquis la conviction que la connaissance profonde des besoins est primordiale et pr\u00e9alable \u00e0 la conception de solution. Nos m\u00e9thodes de travail ont \u00e9t\u00e9 organis\u00e9es en cons\u00e9quence, afin de maximiser la satisfaction de nos clients... Plut\u00f4t que celle de nos \u00e9gos!\" alt=\"Il est souvent tentant de trouver une solution sans trop prendre la peine de bien comprendre ce qu'on tente de r\u00e9soudre. Au fil des ann\u00e9es, nous avons acquis la conviction que la connaissance profonde des besoins est primordiale et pr\u00e9alable \u00e0 la conception de solution. Nos m\u00e9thodes de travail ont \u00e9t\u00e9 organis\u00e9es en cons\u00e9quence, afin de maximiser la satisfaction de nos clients... Plut\u00f4t que celle de nos \u00e9gos!\"\n      style=\"background-position: center center;background-image: url('https:\/\/images.builderservices.io\/s\/cdn\/v1.0\/i\/m?url=https%3A%2F%2Fimages.unsplash.com%2Fphoto-1616531770192-6eaea74c2456%3Fcrop%3Dentropy%26cs%3Dtinysrgb%26fit%3Dmax%26fm%3Djpg%26ixid%3DMnw1NTEzfDB8MXxzZWFyY2h8M3x8aW50ZXJhY3RpdmV8ZW58MHx8fHwxNjI1MDY2NDI2%26ixlib%3Drb-1.2.1%26q%3D80%26w%3D600%26utm_source%3Dendurance-innovation%26utm_medium%3Dreferral');\"\n      data-setting=\"border\"\n      role=\"img\"\n    ><a href=\"educational-excellence\" data-href=\"educational-excellence\" style=\"width: 100%; height: 100%; display: block; position: absolute; top: 0; left: 0;\" target=\"_blank\" rel=\"noopener\"><\/a><\/div> <\/div><div class=\"kv-ee-col-sm-8 kv-ee-valign-center\"><div class=\"kv-ee-content-text\"> <hr class=\"kv-ee-line\"> <h3 class=\"kv-ee-title--sm\" data-type=\"text\" tabindex=\"0\">Interactive learning<span data-prop=\"title\" class=\"ck-editable-element\" data-editable=\"basic\" style=\"display:none;\"><\/span><\/h3> <p class=\"kv-ee-body--md\" data-type=\"text\" tabindex=\"0\"><font class=\"cstm-fnt\" style=\"font-size: 130.1%;\">Learn more about our smart campus and advanced learning technologies.&nbsp;<\/font><span data-prop=\"description\" class=\"ck-editable-element\" data-editable=\"basic\" style=\"display:none;\"><\/span><\/p>  <a class=\"\n    kv-ee-button kv-ee-button-sm kv-ee-button undefined\n    kv-ee-button-dynamic-buttons kv-button-instant-edit\n    kv-ee-button-secondary\n  \" data-index=\"0\" data-type=\"button\" tabindex=\"0\" data-href=\"educational-excellence\" href=\"educational-excellence\" target=\"_blank\" data-property=\"link\" rel=\"noopener\">\n        \n        \n        <div style=\"\" class=\"kv-ee-button-has-title\">Read more<div\n          data-editable=\"button\"\n          data-prop=\"link.title\"\n          style=\"display:none;\">\n        <\/div><\/div>\n      <\/a>  <\/div><\/div><\/div><\/div>\n        <div\n    class=\"kv-control-placeholder kv-_list\"\n    data-kv-control=\"4\">\n  <\/div> <div class=\"kv-ee-col-12 kv-ee-content kv-ee-left kv-ee-drop-shadow \"><div class=\"kv-ee-row\"><div class=\"kv-ee-col-sm-4 kv-ee-image-col\"> <div\n      data-type=\"image\" data-property=\"image\"\n       class=\"kv-ee-item-img kv-ee-gallery kv-ee-content-image \"\n      style=\"background-position: center center;background-image: url('https:\/\/images.builderservices.io\/s\/cdn\/v1.0\/i\/m?url=https%3A%2F%2Fimages.unsplash.com%2Fphoto-1521295121783-8a321d551ad2%3Fcrop%3Dentropy%26cs%3Dtinysrgb%26fit%3Dmax%26fm%3Djpg%26ixid%3DMnw1NTEzfDB8MXxzZWFyY2h8MXx8aW50ZXJuYXRpb25hbHxlbnwwfHx8fDE2MjUwNjkzNTM%26ixlib%3Drb-1.2.1%26q%3D80%26w%3D600%26utm_source%3Dendurance-innovation%26utm_medium%3Dreferral');\"\n      data-setting=\"border\"\n      role=\"img\"\n    ><a href=\"educational-excellence\" data-href=\"educational-excellence\" style=\"width: 100%; height: 100%; display: block; position: absolute; top: 0; left: 0;\" target=\"_blank\" rel=\"noopener\"><\/a><\/div> <\/div><div class=\"kv-ee-col-sm-8 kv-ee-valign-center\"><div class=\"kv-ee-content-text\"> <hr class=\"kv-ee-line\"> <h3 class=\"kv-ee-title--sm\" data-type=\"text\" tabindex=\"0\">Accreditation and International Co-operation<span data-prop=\"title\" class=\"ck-editable-element\" data-editable=\"basic\" style=\"display:none;\"><\/span><\/h3> <p class=\"kv-ee-body--md\" data-type=\"text\" tabindex=\"0\"><font class=\"cstm-fnt\" style=\"font-size: 130.1%;\">Integrating Kemet and its graduates into an open world of possibilities.<\/font><span data-prop=\"description\" class=\"ck-editable-element\" data-editable=\"basic\" style=\"display:none;\"><\/span><\/p>  <a class=\"\n    kv-ee-button kv-ee-button-sm kv-ee-button undefined\n    kv-ee-button-dynamic-buttons kv-button-instant-edit\n    kv-ee-button-secondary\n  \" data-index=\"0\" data-type=\"button\" tabindex=\"0\" data-href=\"educational-excellence\" href=\"educational-excellence\" target=\"_blank\" data-property=\"link\" rel=\"noopener\">\n        \n        \n        <div style=\"\" class=\"kv-ee-button-has-title\">Read more<div\n          data-editable=\"button\"\n          data-prop=\"link.title\"\n          style=\"display:none;\">\n        <\/div><\/div>\n      <\/a>  <\/div><\/div><\/div><\/div>\n        <div\n    class=\"kv-control-placeholder kv-_list\"\n    data-kv-control=\"5\">\n  <\/div> <div class=\"kv-ee-col-12 kv-ee-content kv-ee-right kv-ee-drop-shadow \"><div class=\"kv-ee-row\"><div class=\"kv-ee-col-sm-4 kv-ee-image-col\"> <div\n      data-type=\"image\" data-property=\"image\"\n       class=\"kv-ee-item-img kv-ee-gallery kv-ee-content-image \" aria-label=\"Temple of Hathor, Dendera\" alt=\"Temple of Hathor, Dendera\"\n      style=\"background-position: center center;background-image: url('https:\/\/images.builderservices.io\/s\/cdn\/v1.0\/i\/m?url=https%3A%2F%2Fimages.unsplash.com%2Fphoto-1594050753831-ebf4b3b52af7%3Fcrop%3Dentropy%26cs%3Dtinysrgb%26fit%3Dmax%26fm%3Djpg%26ixid%3DMnw1NTEzfDB8MXxzZWFyY2h8Mjl8fGVneXB0fGVufDB8fHx8MTYyNTA2OTM5NQ%26ixlib%3Drb-1.2.1%26q%3D80%26w%3D600%26utm_source%3Dendurance-innovation%26utm_medium%3Dreferral');\"\n      data-setting=\"border\"\n      role=\"img\"\n    ><a href=\"educational-excellence\" data-href=\"educational-excellence\" style=\"width: 100%; height: 100%; display: block; position: absolute; top: 0; left: 0;\" target=\"_blank\" rel=\"noopener\"><\/a><\/div> <\/div><div class=\"kv-ee-col-sm-8 kv-ee-valign-center\"><div class=\"kv-ee-content-text\"> <hr class=\"kv-ee-line\"> <h3 class=\"kv-ee-title--sm\" data-type=\"text\" tabindex=\"0\">Egyptian government&#8217;s educational outlook<span data-prop=\"title\" class=\"ck-editable-element\" data-editable=\"basic\" style=\"display:none;\"><\/span><\/h3> <p class=\"kv-ee-body--md\" data-type=\"text\" tabindex=\"0\"><font class=\"cstm-fnt\" style=\"font-size: 130.1%;\">Being inline with our government&#8217;s outlook, Kemet will make sure to provide Egypt with an institution that is befitting to its great people.<\/font><span data-prop=\"description\" class=\"ck-editable-element\" data-editable=\"basic\" style=\"display:none;\"><\/span><\/p>  <a class=\"\n    kv-ee-button kv-ee-button-sm kv-ee-button undefined\n    kv-ee-button-dynamic-buttons kv-button-instant-edit\n    kv-ee-button-secondary\n  \" data-index=\"0\" data-type=\"button\" tabindex=\"0\" data-href=\"educational-excellence\" href=\"educational-excellence\" target=\"_blank\" data-property=\"link\" rel=\"noopener\">\n        \n        \n        <div style=\"\" class=\"kv-ee-button-has-title\">Read more<div\n          data-editable=\"button\"\n          data-prop=\"link.title\"\n          style=\"display:none;\">\n        <\/div><\/div>\n      <\/a>  <\/div><\/div><\/div><\/div>\n    <\/div>\n<\/div> <\/div><\/div><\/div><\/div>\n  <\/div>\n<\/section>\n<style scoped>.zoduye36 p{max-width:800px}.zoduye36 .kv-ee-container-wide{max-width:1680px;margin:0 auto;padding-right:15px;padding-left:15px}.zoduye36 .kv-ee-align-left .kv-ee-titles{text-align:left}.zoduye36 .kv-ee-align-left .kv-ee-titles .kv-ee-col-12>*{margin-right:auto}.zoduye36 .kv-ee-align-left .kv-ee-position .kv-ee-row{justify-content:flex-start}.zoduye36 .kv-ee-align-center .kv-ee-titles{text-align:center}.zoduye36 .kv-ee-align-center .kv-ee-titles .kv-ee-col-12>*{margin-left:auto;margin-right:auto}.zoduye36 .kv-ee-align-center .kv-ee-position .kv-ee-row{justify-content:flex-start}.zoduye36 .kv-ee-align-right .kv-ee-titles{text-align:right}.zoduye36 .kv-ee-align-right .kv-ee-titles .kv-ee-col-12>*{margin-left:auto}.zoduye36 .kv-ee-align-right .kv-ee-position .kv-ee-row{justify-content:flex-end}.vefova18 .kv-ee-content{width:100%;margin-bottom:1rem}.vefova18 .kv-ee-row{align-items:center}.vefova18 .kv-ee-image-col{margin-bottom:auto}.vefova18 .kv-ee-item-img{width:100%;padding-bottom:120%;margin:1rem 0;background-size:cover;background-position:center;transition:box-shadow 300ms cubic-bezier(.165,.84,.44,1)}.vefova18 .kv-ee-valign-center{display:flex;align-items:center}.vefova18 .kv-ee-content-text{padding:0;max-width:600px}.vefova18 .kv-ee-content-text p{line-height:1.7;color:hsl(var(--kv-ee-text1--h),var(--kv-ee-text1--s),calc(var(--kv-ee-text1--l) + 20%))}@media(min-width:992px){.vefova18 .kv-ee-content-text{padding:2rem}}.vefova18 .kv-ee-subtitle{margin-top:-.75rem;margin-bottom:1rem;font-weight:400;color:rgba(var(--kv-ee-text1-rgb),.6)}.vefova18 .kv-ee-button{padding:6px}.vefova18 hr.kv-ee-line{height:2px;border:none;width:2rem;background-color:var(--kv-ee-accent1);margin-top:1rem;margin-bottom:1rem;margin-left:0}.vefova18 .kv-ee-content.kv-ee-right hr.kv-ee-line{margin-left:0}@media(min-width:576px){.vefova18 .kv-ee-content.kv-ee-right .kv-ee-row{flex-direction:row-reverse;text-align:right}.vefova18 .kv-ee-content.kv-ee-right .kv-ee-content-text::after{margin-left:auto}.vefova18 .kv-ee-content.kv-ee-right .kv-ee-valign-center{justify-content:flex-end}.vefova18 .kv-ee-content.kv-ee-right hr.kv-ee-line{margin-right:0;margin-left:auto}}@media(min-width:992px){.vefova18 .kv-ee-content:not(:first-child){margin-top:-2rem}}.vefova18 .kv-ee-rounded-corners .kv-ee-item-img{border-radius:.5rem}.vefova18 .kv-ee-drop-shadow .kv-ee-item-img{box-shadow:0 2rem 1.5rem -.5rem rgba(var(--kv-ee-black-rgb),.15),0 .75rem 1rem -.25rem rgba(var(--kv-ee-black-rgb),.2),0 .25rem .25rem -.125rem rgba(var(--kv-ee-black-rgb),.1)}.vefova18 .kv-ee-circle .kv-ee-item-img{width:100%;padding-bottom:100%;border-radius:50%}.vefova18 .kv-ee-square .kv-ee-item-img,.vefova18 .kv-ee-original .kv-ee-item-img{width:100%;padding-bottom:100%}.vefova18 .kv-ee-portrait .kv-ee-item-img{width:100%;padding-bottom:calc((4\/3)*100%)}.vefova18 .kv-ee-landscape .kv-ee-item-img{width:100%;padding-bottom:calc((3\/4)*100%)}.vefova18 .kv-ee-left .kv-ee-social{justify-content:flex-start}.vefova18 .kv-ee-left .kv-ee-social .kv-ee-social-link{margin-right:1rem}.vefova18 .kv-ee-right .kv-ee-social{justify-content:flex-end}.vefova18 .kv-ee-right .kv-ee-social .kv-ee-social-link{margin-left:1rem}.vefova18 .kv-ee-social{display:inline-flex;width:100%;margin-top:.5rem}.vefova18 .kv-ee-social-link{text-decoration:none;display:flex;justify-content:flex-start;align-items:center}.vefova18 .kv-ee-social-link i{font-size:1.5rem;color:var(--kv-ee-text1);transition:all .2s}.vefova18 .kv-ee-social-link i:hover{color:var(--kv-ee-accent1)}.vefova18 .kv-ee-social-link svg{height:1.5rem}<\/style>","protected":false},"excerpt":{"rendered":"","protected":false},"author":1,"featured_media":0,"parent":0,"menu_order":0,"comment_status":"closed","ping_status":"closed","template":"wb4wp-template.php","meta":{"nf_dc_page":"","om_disable_all_campaigns":false,"WB4WB4WP_MODE":"","WB4WP_PAGE_SCRIPTS":"","WB4WP_PAGE_STYLES":"","WB4WP_PAGE_FONTS":"","WB4WP_PAGE_HEADER":"","WB4WP_PAGE_FOOTER":"","_monsterinsights_skip_tracking":false,"_monsterinsights_sitenote_active":false,"_monsterinsights_sitenote_note":"","_monsterinsights_sitenote_category":0,"footnotes":""},"class_list":["post-46","page","type-page","status-publish","hentry"],"aioseo_notices":[],"jetpack_sharing_enabled":true,"_links":{"self":[{"href":"https:\/\/www.kemetue.com\/index.php?rest_route=\/wp\/v2\/pages\/46","targetHints":{"allow":["GET"]}}],"collection":[{"href":"https:\/\/www.kemetue.com\/index.php?rest_route=\/wp\/v2\/pages"}],"about":[{"href":"https:\/\/www.kemetue.com\/index.php?rest_route=\/wp\/v2\/types\/page"}],"author":[{"embeddable":true,"href":"https:\/\/www.kemetue.com\/index.php?rest_route=\/wp\/v2\/users\/1"}],"replies":[{"embeddable":true,"href":"https:\/\/www.kemetue.com\/index.php?rest_route=%2Fwp%2Fv2%2Fcomments&post=46"}],"version-history":[{"count":0,"href":"https:\/\/www.kemetue.com\/index.php?rest_route=\/wp\/v2\/pages\/46\/revisions"}],"wp:attachment":[{"href":"https:\/\/www.kemetue.com\/index.php?rest_route=%2Fwp%2Fv2%2Fmedia&parent=46"}],"curies":[{"name":"wp","href":"https:\/\/api.w.org\/{rel}","templated":true}]}}